8. Let g be w(23). Calculate the highest common divisor of 224 and g.
8
Let p be ((-1)/(-2))/(7/1274). What is the highest common factor of 13 and p?
13
Let z(l) = l**3 + 3*l**2 - l. Let v be z(-3). Suppose 4*d + 23 = y, 4 = v*y + d - 0*d. Calculate the highest common divisor of y and 21.
3
Let b(a) = 39*a**2 + 2*a + 1. Let l be b(-1). What is the greatest common factor of l and 95?
19
Let j be 32/3*13/(39/54). Calculate the highest common divisor of j and 12.
12
Let y(v) = -v**3 + 10*v**2 + 12*v - 10. Let p be y(11). Let o be 120*(p/2)/1. Suppose -5*g + 105 = -o. Calculate the greatest common factor of g and 11.
11
Suppose 2*u + 2*u = 156. Let o = -2 + 3. Suppose 0 = 4*l + o - 105. What is the highest common divisor of l and u?
13
Let d(f) = f**3 + 16*f**2 + 9. Let c be d(-16). Calculate the greatest common factor of c and 3.
3
Let l(v) = -v**2 - 5*v - 1. Let q be l(-2). What is the greatest common divisor of q and 5?
5
Let t be (-42)/9*(-51)/2. Let s be ((-119)/(-14))/(2/4). Calculate the highest common factor of s and t.
17
Let w be (-24)/(-10) - 4/10. Let v be 3*(-14)/12*(-4)/7. What is the highest common divisor of v and w?
2
Suppose -3*u - u + 3*i + 343 = 0, 3*u + 5*i - 250 = 0. What is the highest common divisor of u and 34?
17
Let w = -10 + 9. Let q be 3 - 1*(-1 + w). Let t be (-4)/10 + (-254)/(-10). Calculate the highest common divisor of q and t.
5
Let h = 37 - 21. Calculate the highest common factor of 40 and h.
8
Let i = 18 + -6. Suppose 83 = -3*s + 227. Calculate the greatest common divisor of s and i.
12
Suppose -4*w = -5*w. Suppose -4*u + 12 = w, 0 = 5*o - 3*o - 3*u - 17. What is the highest common factor of o and 143?
13
Suppose -2*a - a = -255. Suppose 0 = 4*j - 14 + 2. Suppose b - 136 = -j*b. What is the highest common factor of a and b?
17
Suppose 275 = 5*v - 385. Let i = 13 - 1. Calculate the highest common factor of v and i.
12
Suppose 20 + 4 = -2*q + x, 71 = -5*q - 3*x. Let v = 23 + q. What is the highest common divisor of v and 2?
2
Suppose 4*n + 4 = 0, 3*n = -4*k - k + 117. Calculate the highest common factor of k and 9.
3
Let x be (-3)/1 - (-41 + -1). Suppose 4*m - x - 25 = 0. What is the greatest common divisor of m and 32?
16
Let l(k) = k**3 + 6*k**2 + 6*k + 2. Let w be l(-4). Let x be -2 - (2 - 0 - w). Let j be (-196)/(-3) - x/(-9). Calculate the highest common divisor of 6 and j.
6
Let j = -14 + 16. Suppose -j*p + 42 = 4*c, p + 2*p + 4*c = 59. Calculate the highest common divisor of p and 136.
17
Let u = 6 + -6. Suppose u*z - 5*z + 105 = 0. Suppose c = -0*c + 42. Calculate the greatest common factor of c and z.
21
Let x(o) = -o**2 - 11*o - 19. Let p be x(-8). Calculate the greatest common divisor of 5 and p.
5
Let f be (4 + -141)*-3*1. Suppose -5*k - 650 = -5*n, 7*k = -3*n + 3*k + f. What is the greatest common divisor of 19 and n?
19
Let p = -7 + 20. Suppose -34*w + 31*w = -993. Suppose 124 + w = 5*v. Calculate the highest common factor of v and p.
13
Let p be (11 - 8) + (-3)/(-1). Let j be (p - 5)/(1/30). Calculate the greatest common divisor of 12 and j.
6
Suppose 0 = -2*l - 0*l + 8. Let n be ((-16)/6)/((-2)/18). Suppose -n = -l*x - 0*x. Calculate the greatest common divisor of x and 6.
6
Suppose -c - 10*c + 33 = 0. Calculate the greatest common factor of 1 and c.
1
Let z(r) = -6*r + 6. Let m be z(-7). What is the greatest common divisor of m and 16?
16
Let f = -23 - -87. What is the greatest common divisor of 8 and f?
8
Let u = -30 - -36. What is the highest common factor of 6 and u?
6
Suppose -x + 3*i = -27, 5*i - 12 = 5*x - 177. Let d(n) = 12*n. Let u be d(2). Calculate the highest common factor of u and x.
12
Suppose -u = -2*y - 12, 3*y - 3*u + 28 = u. Let s = 19 + y. Suppose -2*h = 3*x - 13 - 11, 5*x + 4 = 4*h. What is the greatest common factor of h and s?
3
Let i = 33 - -14. Let l = 75 - i. What is the highest common factor of l and 70?
14
Let l(h) = 10*h - 14. Let m be l(7). Calculate the highest common divisor of m and 28.
28
Let a be ((-3)/(-6))/(2/48). Suppose a = c + g - 4, g - 52 = -4*c. Let j be -2*(-60)/(1 - -1). What is the highest common factor of c and j?
12
Let v(i) = i**2 + 4*i + 1. Let r be v(-6). Let s be (1 - 0)/(1/(-31)). Let n = 8 - s. Calculate the highest common factor of n and r.
13
Let w be (-1)/3 + (-1)/(-3). Suppose -4*o + 19 = f, -f - o = -w*f - 13. What is the greatest common factor of f and 88?
11
Suppose 20 = 4*o - 0*o, 59 = 4*a + 3*o. Let t = 270 + -193. Calculate the greatest common factor of a and t.
11
Let p be 6*(16/6 + -2). Suppose s = -p*w + 723, 3 = -s + 6. Let t(m) = 5*m**2. Let h be t(-2). What is the greatest common factor of w and h?
20
Suppose 3*g + 8 = -c, -2*c + 0*c = 3*g + 4. Suppose 0 = -c*a, 5*l + 2*a - 5*a - 60 = 0. Calculate the highest common divisor of 36 and l.
12
Let r be 0 + 22 - 0/(-12). Let h(g) = g**3 + 6*g**2 - g + 3. Suppose 2*d = d - 5. Let n be h(d). Calculate the greatest common factor of n and r.
11
Let f = -5 + 8. Let d be (-8)/(-3) + f/9. Let q be (60/25)/(16/(-20) - -1). Calculate the highest common divisor of q and d.
3
Let n(f) = f**3 - 6*f**2 - 5*f - 10. Let b be n(7). Let x = 8 - 3. Let j = 7 - x. Calculate the greatest common factor of b and j.
2
Suppose -z + 103 + 52 = 0. Let q = -41 + z. What is the greatest common factor of q and 19?
19
Let o(j) = -j - 2. Let i be o(-6). Calculate the greatest common divisor of i and 16.
4
Let q = -12 + 7. Let m(w) = w**2 + 3*w + 6. Let o be m(q). What is the greatest common divisor of o and 4?
4
Let y(z) = 34*z + 1. Let b be y(1). Calculate the highest common factor of 7 and b.
7
Let w = 1 - 0. Let m(c) = 0 - 9*c**2 + 1 + 4 + c**3 + w. Let u be m(9). What is the greatest common divisor of u and 9?
3
Let x = 17 - 9. What is the greatest common divisor of x and 16?
8
Let y(t) = -80*t. Let d be y(-1). Suppose -68 + 11 = -3*g + 3*q, 5*g - 3*q - 97 = 0. Calculate the greatest common divisor of g and d.
20
Let v = 8 - -12. Suppose -3*f + 7 = -8. Calculate the highest common factor of f and v.
5
Suppose 0 = -4*k + 3*p + p - 16, -4*k + 3*p = 16. Let r = -1 - k. Suppose -d = -2*v - r*v + 10, -16 = -4*v. Calculate the highest common divisor of d and 110.
10
Let d(z) = z**2 - 7*z - 8. Let c be d(8). Suppose c*a - 7 = -a. Suppose 7*i = 5*i + 98. What is the greatest common divisor of i and a?
7
Let z(i) = -i**3 - 3*i**2 + 7*i + 5. Let l be (4 + -5)*(1 - -4). Let g be z(l). Calculate the highest common divisor of 2 and g.
2
Let i = 5 - 4. Suppose -c + i = -4. Suppose -5*w + 47 = 4*v, -3*v - 24 = -c*v - 2*w. Calculate the greatest common divisor of 104 and v.
13
Let n = -140 - -188. Calculate the greatest common factor of n and 336.
48
Suppose -14*c + 17*c = 156. Suppose -2*t + 190 = -c. Calculate the greatest common factor of 11 and t.
11
Suppose 40*x - 35*x = 280. Calculate the greatest common factor of 14 and x.
14
Let u(k) = k**2 + 4*k - 7. Let q be u(5). Suppose -3*a = -10*a + 399. Calculate the greatest common divisor of a and q.
19
Suppose x - 3*x + 4*b = -76, 0 = -5*b + 10. Let s(g) = 0 + 0 - g**3 - g + 1 - 5*g**2. Let m be s(-5). What is the highest common factor of x and m?
6
Let h = 190 + 80. Calculate the highest common factor of h and 108.
54
Suppose 4*r + 50 = -3*x - 15, -4*r - 53 = -x. Let b be r*(-2 - 8/(-7)). What is the highest common factor of 18 and b?
6
Suppose -5*s = -2*s - 9. Suppose 3*u - 87 = -3*j, -3 = -u + 2. Suppose 0*w + j = 2*w. Calculate the greatest common factor of w and s.
3
Suppose m - r + 2*r = 68, -2*m = -5*r - 164. Calculate the greatest common divisor of m and 18.
18
Let k(s) = s - 23. Let z(v) = 2*v - 46. Let h(l) = 7*k(l) - 4*z(l). Let w be h(0). Suppose -5*o + w = -37. Calculate the greatest common factor of 12 and o.
12
Let k be (12/18)/((-4)/(-78)). Let r(m) = -m**2 + 13*m + 5. Let d be r(k). Suppose u = 1, -2*q + q = u - 6. Calculate the highest common divisor of q and d.
5
Let y be 18/4*2/3. Suppose -z + 12 = y*z + 4*q, 4*q = -z. Calculate the greatest common factor of z and 32.
4
Let s = -48 + 34. Let p = s - -8. Let t be p/27 + (-974)/(-9). Calculate the greatest common factor of t and 12.
12
Suppose 0 = -2*w - 1 + 3. Let m be 24/16*(7 - 1). Suppose -4*h = -m - 23. What is the greatest common divisor of w and h?
1
Let p(o) = o**2 + 14*o - 17. Let g be p(-16). C